 Suppose 2 + 2 = -2*v. Is h(v) a prime number?
False
Suppose 2*l - 50 = 4*g - 2, 4*g = 4*l - 116. Is l a prime number?
False
Let z = -9 - -5. Let m(t) = -38*t - 3. Is m(z) a prime number?
True
Suppose -y = -4*y + 273. Is y a prime number?
False
Let l = -110 - -189. Is (l/3)/(9/27) a composite number?
False
Let c(a) = a - 8. Let m be c(6). Is 1 - -19*4 - m composite?
False
Let r be (2712/(-15))/(-4)*-15. Is r/(-8) + 5/20 prime?
False
Suppose 3*o + 6*u = u + 8, 4*u - 32 = 4*o. Let s(d) = 5*d**2 - 3*d + 3. Let j be s(o). Suppose -b + 3*f = f - j, 160 = 2*b + 2*f. Is b composite?
True
Let g be (-33)/((84/248)/7). Is 3/(-1) + g/(-11) a composite number?
False
Suppose 0 = 3*w - 9. Suppose w*z - 2*b = 16, 0*z + 9 = 2*z - b. Suppose 2*f - 308 = -z*f. Is f prime?
False
Let n(a) = -2*a - 9. Suppose 2*s - 7*s = 55. Is n(s) prime?
True
Suppose 2*w = -2*w - j + 26, 2*j = 3*w - 14. Let s = w - -1. Is s prime?
True
Suppose -2*j + 11 = 5*h, 4*h = -5*j + 3 - 1. Suppose -h*i + 596 = i. Suppose -i + 13 = -4*u. Is u prime?
False
Let p = -264 - -385. Let z = 248 - p. Is z a composite number?
False
Let i = -5 - -1. Let q be (-4)/(-5)*(-2090)/i. Suppose 4*k = -3*z + z + q, 3*z = k + 655. Is z prime?
False
Is ((-8)/32)/((-1)/4)*541 prime?
True
Let p(h) = -2*h**2 - 4*h - 1. Let r be p(-6). Let i be ((-2)/(0 - 2))/1. Is (-2)/(-1) - r/i a composite number?
True
Suppose -2*d = d - 27. Is 61/9 + 2/d composite?
False
Suppose 0 = -5*z + 2*x + 647, -256 = 2*z - 4*z - 2*x. Let k = 63 - z. Let r = k - -143. Is r a composite number?
True
Is -2*(2 + (-5850)/12) composite?
False
Let y(f) be the third derivative of 0 + 1/3*f**4 + 1/6*f**3 + 2*f**2 + 0*f. Is y(6) prime?
False
Suppose 0*q + 1129 = p + 2*q, 3*p - 3382 = -q. Suppose 5*i = -3*z + p, -2*z - 3*i + 1131 = z. Is z prime?
True
Suppose 0 = -187*d + 182*d + 18325. Is d a composite number?
True
Let i = 6 + 48. Let k = i + -8. Is k a prime number?
False
Let f(u) = 84*u**2 - 2*u - 1. Suppose -2 = -5*m + 3. Suppose m = -z - 0. Is f(z) prime?
False
Let l(o) = o**3 + 14*o**2 + 11*o + 11. Is l(-8) a composite number?
False
Let y(r) = 15*r**2 + 4. Is y(-5) a composite number?
False
Let b(x) = x**3 + 12*x**2 - 10*x - 4. Let r be b(-7). Let s = r - -434. Is s a composite number?
True
Is ((-4)/28)/((-5)/138845) prime?
True
Let y = 10 - 6. Suppose 5*x - 2*m = 601, 87 = 2*x + y*m - 139. Is x a prime number?
False
Suppose -631 = -4*h + h - x, 209 = h + x. Is h prime?
True
Suppose 1002 - 250 = 3*q + 5*d, 2*q - 4*d = 516. Is q composite?
True
Suppose -2*s + 3*i = -0*s - 838, -4*i = 3*s - 1257. Is s prime?
True
Let d = 62 + -4. Let j = d + 19. Is j prime?
False
Let r(y) = -2*y - 7. Let g be r(-5). Let u be ((176 - 2)/g)/2. Let p = 51 - u. Is p a composite number?
True
Suppose 0*b - b + 5 = 0. Suppose b = -5*j + 20. Suppose 30 = -j*f + 5*f. Is f prime?
False
Let v = 3860 - 217. Is v a prime number?
True
Suppose -4 = -3*f - 1. Let k(c) = c**2. Let w(x) = 4*x**2 + 8*x - 1. Let g(m) = f*w(m) - 5*k(m). Is g(4) a prime number?
False
Is (-5 + 168)/(2 - 1) a prime number?
True
Let v = 10 - 22. Let d be 1/(-4) - 141/(-4). Let x = d + v. Is x prime?
True
Suppose -j = 4*j - 270. Suppose 3*l - 861 = -j. Let n = -120 + l. Is n prime?
True
Suppose -2*h = 3*i - 1931, h - 539 - 427 = -i. Is h prime?
True
Let o(h) = -h + 31. Suppose 0 = -4*n + 2*q + 24, -9 = 5*q + 1. Let p = 5 - n. Is o(p) a composite number?
False
Is 2/(-3) + 10041/9 a prime number?
False
Suppose -m + 335 = 4*m. Is m a prime number?
True
Let n(a) = a - 14. Let h be n(13). Is (231/(-4 - h))/(-1) a composite number?
True
Let a(s) = 5*s - 4. Let g be 3 + 0 + 2/1. Is a(g) a prime number?
False
Suppose 3*k - 23 = -3*m + 82, -5*m + 167 = 3*k. Suppose -s + m = -22. Is s a composite number?
False
Let s(z) = 29*z**2 - 4*z + 2. Is s(3) prime?
True
Let c be ((-12)/(-15))/((-2)/(-145)). Suppose 0 = -u + i + 15, c = 5*u + 5*i - 7. Is u a composite number?
True
Let t be (-41)/(0 + (-2)/(-12)). Let c = 126 + t. Is c/(-2) - 1/1 prime?
True
Let i be ((-4)/6)/(4/(-30)). Suppose i*w - 273 = 2*w. Is w a composite number?
True
Let a(w) = 2*w + 11. Let d be a(-8). Let x(y) = 3*y**2 + 5*y - 3. Is x(d) a prime number?
True
Let j(g) = 206*g + 13. Is j(3) a composite number?
False
Is 305 - (-4)/(-6)*-3 a prime number?
True
Suppose 5*s = 2*s + 258. Let b = s + -7. Is b a prime number?
True
Let t(z) = -86*z**3 + 2*z**2 + 17*z**3 - 1 + 5*z**3. Let r be (-6)/10 + (-4)/10. Is t(r) a prime number?
False
Let l(k) = -k - 7. Let p be l(-7). Suppose p + 68 = 2*r. Is r a composite number?
True
Let w(d) = -42*d + 6. Let a be w(-3). Let p = -79 + a. Is p a composite number?
False
Let r(s) = -20*s - 5. Let u be r(-5). Suppose f - 5*v = u + 33, 2*f - 4*v = 250. Is f composite?
True
Suppose -2*h - h + 612 = 0. Let p = -77 + h. Is p composite?
False
Suppose -3*i - 80 = 2*x + i, 4*i - 4 = 0. Let a = x - -91. Is a a prime number?
False
Let k = 7 + -4. Let j(y) = y**3 - 1 - 4*y**2 + 3 - y**3 - y - y**k. Is j(-4) a prime number?
False
Suppose 2*l - 4 = -2*l - 3*c, 28 = -4*l + 5*c. Is (-2)/(l/892*4) a prime number?
True
Let f = 260 + -152. Suppose f = -2*p - 10. Let v = 106 + p. Is v composite?
False
Let k be (-388)/36 - (-4)/(-18). Let c = 42 + k. Is c a composite number?
False
Suppose 787 - 11364 = -7*d. Is d a composite number?
False
Let x(n) = 3*n**2 + 4*n - 3. Is x(-8) composite?
False
Let u(g) = -g**3 + 2*g**2 - g + 1. Suppose 5*m + 7 = -0*m - 3*j, 14 = -5*m + 4*j. Is u(m) a composite number?
False
Let m(g) = 4*g**3 - 8*g**2 - 4*g - 13. Is m(7) a prime number?
False
Let f be -15*(-2)/((-10)/(-3)). Let m(p) = p**2 - 6*p + 8. Let i be m(f). Let b = 58 - i. Is b a composite number?
False
Suppose 57 = -0*o + o - 4*l, -5*o + 210 = -5*l. Is o composite?
False
Let c = -105 + 294. Let z = c - 80. Is z a composite number?
False
Suppose -3*m = -2*a + 19, 0 = -4*a - 5*m - 4 - 13. Suppose 526 = a*z + 4*x, -93 = 2*z - 5*x - 592. Suppose -303 = -s - 5*f - 46, s - 4*f = z. Is s composite?
False
Let i(v) = 2*v**3 - 3. Let g be i(3). Suppose c = -a - g + 262, 4*a - 1055 = -5*c. Is c prime?
True
Let a(s) = 2*s**2 - 2*s - 2. Let z(y) = 5*y**2 - 5*y - 5. Let m(q) = 11*a(q) - 4*z(q). Is m(-4) composite?
True
Suppose y = v - 190, 8*y - 4*y + 945 = 5*v. Let j(r) = 18*r**3 + 4*r**2 + 4*r + 4. Let h be j(-2). Let u = h + v. Is u composite?
False
Let u(q) = -q**2 - 6*q - 4. Let l be u(-4). Let p = 2 - l. Is (-2 - p) + -1 + 22 prime?
False
Let r(y) = 6*y**2 - 8*y - 23. Is r(13) a prime number?
True
Let l(k) = 2*k**2 + k + 6. Suppose -h = -3*h - 22. Is l(h) prime?
False
Let s(n) = 11*n**2 - 4*n. Let h = -11 - -8. Is s(h) a prime number?
False
Suppose -4*n + 2*n - 10 = -2*z, 0 = 4*z - 8. Let k(a) = -70*a - 1. Is k(n) a composite number?
True
Let g(r) = r**2 - 2. Let n be g(2). Suppose -2*v + n = -4, -o + v = 5. Is ((-633)/12)/(o/8) a prime number?
True
Suppose -3*p = 2*p + 530. Let o = -151 - p. Is 22/5 + 18/o prime?
False
Suppose -c = 56 - 514. Let y = c - 223. Is y a prime number?
False
Let k(u) = u**3 - 15*u**2 + 3*u - 1. Suppose -57 = -5*y - 2. Let a(j) = -2*j**3 + 29*j**2 - 6*j + 1. Let s(f) = y*k(f) + 6*a(f). Is s(6) prime?
False
Suppose 9*m + 7308 = 29997. Is m prime?
True
Let o = -15 + 21. Let m = o + 27. Is (1/3)/(1/m) a composite number?
False
Let n be (-2 - -3) + (-3 - -2). Suppose 0 = 5*z - n*z - 5*f - 4555, -10 = 5*f. Suppose 4*p = -265 + z. Is p prime?
False
Let z = -9 - -11. Is 1 - (3 + -163)*z a composite number?
True
Let a be (-3)/5 - 138/(-30). Suppose 409 - 2537 = -a*y. Is y/10 + (-4)/20 prime?
True
Suppose -3*k = 4*v - 3503, -4*k + 4674 = 3*v - v. Is k prime?
False
Suppose 2*p = -4*b + 4*p + 8, -5*b + 5*p = 0. Suppose -4*r - j = -0*j - 212, -2*j - 212 = -b*r. Suppose -v + 26 = -r. Is v a composite number?
False
Suppose -67 = -2*m - 3. Suppose 10 = 5*t, -4*i - 12 = 2*t - m. Suppose c = i*c - 207. Is c a composite number?
True
Let n(u) = 27*u - 13. Is n(10) prime?
True
Let m(g) = 2*g**2 + 2*g + 23. Is m(-10) composite?
True
Suppose 228 = 2*i - 2*s - 0*s, -5*s = i - 144. Is i composite?
True
Let n(p) = 9*p + 4. Is n(3) a prime number?
True
Let l = 736 - -973. Is l prime?
True
Let d(n) = -3*n + 6. Let h be d(-8). Is (310/h)/(2/42) composite?
True
Suppose -4*y - j - 14 = 24, -4*j = -8. Let i(k) = -3*k - 7. Is i(y) a prime number?
True
Suppos